the units digit of v?
8
Let s = -78 - 68. Let a = s + 295. What is the units digit of a?
9
Suppose 5*z - 2*u = 78219, 8*z - 12*z - 3*u + 62566 = 0. What is the units digit of z?
3
Let q = 83 - 79. Let l = 1 + q. Suppose 4*a = 3*y + 73, -47 = -5*a + l*y + 43. What is the units digit of a?
9
Let k(t) be the first derivative of t**3 - 7*t**2 + 9*t + 27. Let q be k(4). Suppose -10*g = -q - 29. What is the units digit of g?
3
Suppose -2*z = 5*r - 22387, -4*z = r - 38989 - 5758. What is the tens digit of z?
8
Let a = 11 + -7. Suppose 3*s = 3, 21 = 6*w - w - a*s. Suppose -4*u + 968 - 171 = w*j, -5*j + 773 = -4*u. What is the tens digit of j?
5
Let w(n) = 192*n**2 + 20*n - 101. What is the hundreds digit of w(6)?
9
Let r(s) = -65*s - 470. What is the hundreds digit of r(-36)?
8
Suppose -2*z = 3*y - 8714 - 828, 0 = 4*y - 5*z - 12715. What is the units digit of y?
0
Let f be -3 + -3 + 0 + 0. Let h be (-2)/(-4) - f/(-12). Suppose h = 7*z - 2*z - 460. What is the tens digit of z?
9
Suppose 0 = 3*y + o - 727 - 1936, -5*y = -3*o - 4443. What is the tens digit of y?
8
Suppose 3*f - 2 = -i - 3, -5*f = -5*i - 5. Let n(d) be the third derivative of 7*d**5/12 + d**4/12 + d**3/2 + 18*d**2. What is the units digit of n(i)?
6
Suppose 0 = q - 820 + 664. Let t be (2 + (-27)/(-2))*-4. Let h = q + t. What is the tens digit of h?
9
What is the tens digit of (93/1116 - 94/(-24)) + 18972 + 1?
7
Suppose -4*j - t = -35246 - 30996, 0 = 5*j + 4*t - 82797. What is the tens digit of j?
6
Suppose -8*t + 47 = -109233. What is the thousands digit of t?
3
Let u = 62 + -96. Let h = u - -36. Suppose 21 = 5*i + h*t - 13, -4*i + 2*t + 38 = 0. What is the units digit of i?
8
Suppose 5*s = -4*o + 460, 0 = 4*o - 10*s + 5*s - 460. Let t = o - -186. Suppose t = 7*g - 112. What is the tens digit of g?
5
What is the thousands digit of (10215/10)/(-9)*-166?
8
What is the hundreds digit of 4562*(-13)/(130/(-25))?
4
Let n(g) = 427*g + 77. What is the units digit of n(21)?
4
Let j(s) = -s**3 - s**2 - s - 2. Suppose 5 = 3*d + 11. Let w be j(d). What is the hundreds digit of ((-1)/(3/246))/(w/(-8))?
1
Let l = -2955 + 5957. Suppose l = 13*b - 6605. What is the hundreds digit of b?
7
Let b(s) = 5*s**2 - 72*s - 15 + 12 + 20 + 33 - 3. What is the tens digit of b(22)?
8
Suppose -2*b + 4*d + 6 = 0, 4*b - 7*b + 11 = -4*d. Suppose -b*z - 225 = -l - 9*z, -l = 3*z - 220. What is the tens digit of l?
0
Let h = 32728 - -26093. What is the tens digit of h?
2
Let w = -143 + 4578. Let v = -3107 + w. What is the thousands digit of v?
1
Suppose -46211 = 44*d + 21945. Let l = -598 - d. What is the tens digit of l?
5
Suppose i - 17778 - 4329 = c, 0 = 4*c - 20. What is the tens digit of i?
1
Let d(k) = -482*k - 3598. What is the tens digit of d(-58)?
5
Let n = -5758 - -11957. What is the hundreds digit of n?
1
Suppose -373*j + 1193978 = -1032086. What is the tens digit of j?
6
Let u(g) = 21*g**2 + 73*g + 97. What is the tens digit of u(17)?
0
Suppose 5*n + 5*s = 16 - 1, -2*n = -4*s + 24. What is the thousands digit of n/(-4*7/16478)?
1
Let p = 777 + -392. Let t = p + 98. What is the tens digit of t?
8
Suppose 95*r + 153972 = 116*r. What is the thousands digit of r?
7
Let q(o) = -7*o + 5. Let n(l) = 20*l + 104. Let c(w) = -7*w - 35. Let b(j) = -17*c(j) - 6*n(j). Let p be b(-15). What is the tens digit of q(p)?
0
Suppose -2*y - 620 = -652. Let j(q) = q**2 + 20*q + 26. What is the tens digit of j(y)?
0
Suppose 140*s - 92*s = 480816. What is the tens digit of s?
1
Suppose 0 = 5*r - 3*p - 21, 0 = 2*r - 4*r - 4*p - 2. Suppose 140 = 2*j + r*j. What is the hundreds digit of (-726)/(-7) - (-8)/j?
1
Let h = -82 - -17. Let b = h + 116. What is the tens digit of 44/33*b/2?
3
Let w = 197465 - 134991. What is the ten thousands digit of w?
6
Let x be ((-126)/(-4))/(9/666). Suppose 0 = 2*k + 7*k - x. What is the units digit of k?
9
Let c = 12 - -43. Suppose -c*y + 37*y + 7686 = 0. What is the tens digit of y?
2
Let t(o) = 370*o**2 + 8*o + 13. Let w be t(-4). Suppose -12*r + w = 1365. What is the hundreds digit of r?
3
Let o be 14/3 + (112/12 - 9). Suppose -o*i + 1304 = -i. What is the hundreds digit of i?
3
Let k(y) = 10*y - 1. Let d be (4/(-2))/(((-5)/(-10))/(-1)). Suppose -h + 5*s - s = 5, d*h - 4*s = 28. What is the units digit of k(h)?
9
Let u = 127885 + -71595. What is the tens digit of u?
9
Let d(g) = -4 + 9*g**3 - 3*g - 8*g**3 + 28*g + 15*g**2. What is the units digit of d(-13)?
9
Let r(y) = -y**3 + 24*y**2 - 11*y + 10. Let k be r(24). Let w = k + 63. Let f = w - -368. What is the tens digit of f?
7
Let n(v) = 27307*v**2 - 36*v - 40. What is the units digit of n(-1)?
3
Let n = 1002 - 3063. What is the hundreds digit of -13*(-36)/312 + n/(-2)?
0
Let t(q) = 88*q**2 + 1206*q - 14. What is the hundreds digit of t(-20)?
0
Suppose 5*p - 4*n = -0*n - 30, -p = 3*n - 13. Let b = p - -341. What is the units digit of b?
9
What is the ten thousands digit of 1 + 1728172/36 - 30/(-135)?
4
Let s(b) = -5817*b + 1666. What is the thousands digit of s(-2)?
3
Let f(c) = -488*c - 3. Let v be f(1). Let w = 364 - v. What is the units digit of w?
5
Let j be 30/70 + (-120)/(-14). Suppose j - 2 = z + m, 3 = z - m. Suppose z*w - 3*w = 626. What is the units digit of w?
3
Suppose -4*q - 55*k + 28030 = -60*k, 0 = -5*q + 5*k + 35030. What is the hundreds digit of q?
0
Let t(n) = 325*n**2 + 28*n - 57. What is the tens digit of t(6)?
1
Let z(q) = -13*q. Let u be z(-7). Let r = u - 102. Let j = r + 254. What is the hundreds digit of j?
2
Let v = 62 - 59. Suppose 3*m - 3246 = 3*g, v*g = 2*m + 2*m - 3248. What is the hundreds digit of (-4 - g/4)/2?
1
Let u be (-9)/6*(-20)/6. Let g be (-12)/15 - 16/u. What is the units digit of ((-2)/4)/(g/136)?
7
Suppose -4*j - 109 = -v - j, 0 = -3*v + 2*j + 348. Suppose -v = -l + 261. What is the units digit of l?
9
Suppose 3*d - 26*j - 83898 = -23*j, -4*j = -3*d + 83891. What is the hundreds digit of d?
9
Let g = -10138 - -10172. Suppose -4*j - 8 = -160. Suppose 3*q - 2*v + 0*v = j, 0 = -5*q - 4*v + g. What is the tens digit of q?
1
Suppose 564*k - 563*k = 5*i + 54805, -2*k + 5*i + 109600 = 0. What is the hundreds digit of k?
7
Suppose 4*s - 9*s - d = -55731, d - 22290 = -2*s. What is the thousands digit of s?
1
Let o be 4 + (-326)/4*-2 + 3. Suppose -o*m - 1 = -171*m. What is the tens digit of 3 + m + -2 + 54?
5
Let l = -436 - -267. Suppose 0*n - 2*n - 170 = 0. Let g = n - l. What is the tens digit of g?
8
Let z = 14569 + 19726. What is the ten thousands digit of z?
3
Suppose -87*q + 31383 = -76*q. Suppose 0 = a + 2*a + 3*x - q, 3*x = -a + 957. What is the tens digit of a?
4
Suppose 4*n = 5*i - 9 - 2, 0 = -4*i - 5*n + 58. Let s(o) = 2*o**2 - 3*o**2 - 12 + 4*o**2 - 4*o. What is the tens digit of s(i)?
0
Let l be (-4)/((-144)/66 - (-2)/11). Suppose -5*g - h = -3*h - 976, l*h = -6. What is the tens digit of g?
9
Suppose -h = -4*t - 19, -h - 2*t = 4*h + 15. Let o(m) = 16*m**2 - m - 1. Let p be o(h). Suppose 0 = 4*d - p - 36. What is the tens digit of d?
1
Let j(u) = u**3 + 22*u**2 + 22*u + 1. Let c be j(-9). Suppose -c = -i + 5*r, 620 = -3*i + 5*r + 3198. What is the tens digit of i?
6
Let y = -3 - -3. Let a(l) = 124 - 3*l**2 - 6*l**2 + 0*l**2 - 4*l**2 + 14*l**2 + 2*l. What is the hundreds digit of a(y)?
1
Let m(b) = b**3 - 18*b**2 + b - 3. Suppose 13*l - 19*l + 108 = 0. Let o be m(l). Suppose -6*d + o*d - 99 = 0. What is the units digit of d?
1
What is the tens digit of (50/(-200))/((-2)/68072)?
0
Suppose -144*a = -123*a - 18753. What is the hundreds digit of a?
8
Suppose -5*i = -3*t - 0*t + 33947, t - 11309 = 5*i. What is the hundreds digit of t?
3
Let n = -364 + 646. Suppose -u - 55 + n = 0. Suppose -5*k + 7*k - u = -c, -475 = -4*k + 5*c. What is the tens digit of k?
1
Suppose 0 = -5*s - t + 459 - 153, 116 = 2*s + 2*t. Let j be 3/(-2)*(4 - s). Let b = j - 67. What is the tens digit of b?
2
Let c(l) = -8*l**2 + 245*l + 18. Let r be c(31). Let p(v) = 2*v**2 - 4*v + 6. Let g be p(9). Let d = r + g. What is the tens digit of d?
5
Suppose -30*v - 5 = -31*v. Suppose v*i - 347 = -107. What is the units digit of i?
8
Let r(w) = w**3 + 6*w**2 + 5*w + 5. Suppose 5 = -5*f, -h - 2*h = -3*f + 12. Let x be r(h). Suppose 0 = a - x*a + 292. What is the units digit of a?
3
Let p(v) be the first derivative of v**4/4 - 17*v**3/3 + 12*v**2 